02010
-421 (base 9) to base 2
-101010111
What is 2bc8 (base 15) in base 14?
3605
Convert 5564 (base 9) to base 8.
10014
What is 1c5b (base 14) in base 6?
35545
78818 (base 9) to base 7
305561
26466 (base 7) to base 12
4140
Convert -8a91 (base 11) to base 15.
-3823
What is -10112 (base 8) in base 2?
-1000001001010
Convert -202020 (base 4) to base 13.
-cc0
What is -22a (base 11) in base 13?
-181
Convert -878 (base 12) to base 8.
-2334
22030 (base 4) to base 11
543
What is -2211121 (base 3) in base 13?
-c31
Convert 829b (base 13) to base 7.
103413
Convert -16a69 (base 11) to base 15.
-7142
3155 (base 11) to base 5
113144
fb (base 16) to base 12
18b
-6823 (base 10) to base 6
-51331
245 (base 6) to base 13
7a
Convert 10231 (base 6) to base 2.
10101101011
What is 66630 (base 8) in base 12?
142a0
What is -483 (base 10) in base 3?
-122220
-232b (base 12) to base 5
-111143
Convert 2e3a (base 16) to base 15.
378e
What is -34202 (base 7) in base 8?
-20743
-249 (base 10) to base 2
-11111001
What is 2064 (base 15) in base 11?
5162
-102 (base 4) to base 6
-30
What is 74 (base 15) in base 12?
91
-6181 (base 12) to base 9
-15487
-504 (base 6) to base 15
-c4
Convert -661d (base 14) to base 2.
-100010100000011
What is -155 (base 9) in base 3?
-11212
10392 (base 14) to base 7
222042
What is -194 (base 12) in base 2?
-100000000
What is -240 (base 6) in base 2?
-1100000
What is -11d7b (base 15) in base 3?
-2220020122
-144402 (base 6) to base 2
-11011010010010
41 (base 16) to base 14
49
What is -202011020 (base 3) in base 7?
-60561
34120 (base 6) to base 14
1a6c
What is -9d6d (base 14) in base 3?
-1101111122
Convert 33311 (base 4) to base 16.
3f5
-434 (base 6) to base 13
-ca
Convert 10101010101 (base 2) to base 6.
10153
What is 26351 (base 7) in base 10?
7043
Convert 300200 (base 6) to base 10.
23400
What is -240501 (base 6) in base 3?
-1001200201
What is 200021 (base 4) in base 14?
a6d
What is -6 (base 13) in base 3?
-20
-b1a (base 12) to base 2
-11001000110
2485 (base 10) to base 7
10150
32055 (base 11) to base 14
12ddb
What is 11010 (base 7) in base 8?
5277
What is -122111022 (base 3) in base 12?
-7468
What is -127 (base 9) in base 6?
-254
What is -6f7 (base 16) in base 10?
-1783
What is 59c (base 15) in base 7?
3465
Convert -434 (base 8) to base 7.
-554
What is f5cc (base 16) in base 15?
1399e
Convert 3903 (base 11) to base 13.
2412
What is -4a49 (base 12) in base 7?
-33342
What is -8742 (base 10) in base 3?
-102222210
16035 (base 9) to base 14
3dd5
Convert -71a6 (base 11) to base 16.
-2552
What is 460 (base 8) in base 3?
102021
Convert -200211212 (base 3) to base 4.
-3112223
ba (base 15) to base 7
340
What is -12b (base 14) in base 3?
-22201
Convert 111110001000100 (base 2) to base 9.
47566
-35 (base 15) to base 5
-200
4b5 (base 12) to base 11
599
What is -10001110110010 (base 2) in base 9?
-13473
What is 110ba (base 12) in base 16?
584e
What is 5360 (base 7) in base 6?
12452
-16c5 (base 14) to base 10
-4093
What is 263b (base 13) in base 10?
5458
What is -1153 (base 7) in base 5?
-3210
Convert -1572 (base 10) to base 8.
-3044
5377 (base 16) to base 15
64e7
2328 (base 11) to base 3
11012011
486 (base 11) to base 16
242
What is 452202 (base 6) in base 13?
14450
Convert -13100 (base 4) to base 6.
-2052
What is -1315 (base 7) in base 5?
-4002
What is 37099 (base 11) in base 7?
311351
What is 12031 (base 8) in base 3?
21001120
What is 281a (base 12) in base 14?
198a
What is -31513 (base 9) in base 2?
-101000101011101
What is -11332 (base 7) in base 15?
-ce4
-13dc (base 15) to base 14
-17a1
-464 (base 10) to base 15
-20e
Convert 3455 (base 6) to base 13.
4b8
What is 5a7 (base 16) in base 4?
112213
What is -725 (base 13) in base 14?
-62a
Convert 2144 (base 11) to base 10.
2831
What is -a89 (base 12) in base 16?
-609
What is 5463 (base 10) in base 15?
1943
What is -3b85 (base 12) in base 15?
-207e
What is -14225 (base 6) in base 15?
-9ee
-3ab (base 12) to base 15
-278
What is 9743 (base 11) in base 15?
3c33
Convert 636 (base 12) to base 14.
48a
Convert 12033 (base 8) to base 14.
1c39
Convert 1b19 (base 15) to base 10.
5874
What is -2303 (base 8) in base 6?
-5351
4a1 (base 16) to base 8
2241
-197 (base 10) to base 16
-c5
244 (base 10) to base 4
3310
Convert 1566 (base 7) to base 8.
1174
What is -210202 (base 3) in base 13?
-362
What is -331033 (base 5) in base 10?
-11393
What is -1d7 (base 14) in base 3?
-112021
-10475 (base 11) to base 2
-11101101100111
-135500 (base 6) to base 4
-3021330
What is -100102 (base 5) in base 7?
-12122
Convert -12b6 (base 14) to base 12.
-1aa8
Convert -101111110101010 (base 2) to base 6.
-305214
Convert 2301 (base 9) to base 7.
4651
What is -6892 (base 12) in base 11?
-8813
What is 27347 (base 8) in base 4?
2323213
What is 1467 (base 10) in base 11?
1114
What is 4df (base 16) in base 13?
74c
What is 1101001001010111 (base 2) in base 13?
1b681
Convert -557 (base 11) to base 14.
-359
-100010100111 (base 2) to base 4
-202213
Convert 20051 (base 7) to base 14.
1a98
-416023 (base 7) to base 13
-26839
What is -185 (base 12) in base 8?
-365
What is -11111011100 (base 2) in base 8?
-3734
-1db (base 15) to base 6
-1555
11122 (base 5) to base 2
1100010011
What is 3562 (base 8) in base 6?
12454
What is -12555 (base 7) in base 15?
-eec
10312021 (base 4) to base 16
4d89
Convert -100000101 (base 2) to base 10.
-261
What is -2acb (base 14) in base 10?
-7627
144a (base 16) to base 6
40014
What is -17d69 (base 15) in base 9?
-127000
What is 5735 (base 10) in base 9?
7772
4171 (base 8) to base 7
6216
2010221101 (base 3) to base 10
42238
What is 324 (base 12) in base 5?
3320
What is 11102002 (base 3) in base 11?
2463
Convert -20121012 (base 3) to base 4.
-1023023
Convert 45315 (base 8) to base 13.
8940
-b91 (base 13) to base 4
-132321
What is 1472 (base 8) in base 11?
691
-7ac (base 16) to base 11
-1526
Convert 220323 (base 5) to base 9.
11361
-342a (base 12) to base 13
-2839
Convert -1000000111010 (base 2) to base 9.
-5625
What is 1517 (base 13) in base 10?
3062
Convert 16971 (base 10) to base 3.
212021120
What is -3546 (base 16) in base 11?
-a279
Convert 100000011001 (base 2) to base 8.
4031
-322311 (base 4) to base 5
-110030
-11154 (base 7) to base 2
-101100010000
-1121201 (base 3) to base 13
-6ca
-774 (base 11) to base 8
-1640
44645 (base 7) to base 13
51b6
1574 (base 10) to base 12
ab2
What is -2123333 (base 4) in base 14?
-38d1
9b9 (base 14) to base 13
b53
Convert -14412 (base 5) to base 12.
-868
What is -21501 (base 6) in base 15?
-d44
2221 (base 5) to base 6
1235
Convert -9c46 (base 13) to base 6.
-245111
-16945 (base 10) to base 11
-11805
Convert -120 (base 12) to base 9.
-206
Convert 135254 (base 6) to base 5.
402400
What is -3044 (base 12) in base 8?
-12164
What is 7d5 (base 14) in base 13?
92c
-5a20 (base 11) to base 16
-1ecf
What is -d78 (base 16) in base 8?
-6570
Convert -27960 (base 10) to base 12.
-14220
Convert -114 (base 14) to base 4.
-3112
What is 24403 (base 5) in base 6?
12325
What is 3b23 (base 13) in base 6?
103131
What is -10101111110111 (base 2) in base 6?
-124035
-41224 (base 5) to base 11
-2025
Convert 542 (base 16) to base 12.
942
Convert -9a10 (base 13) to base 10.
-21476
-10414 (base 5) to base 6
-3222
What is -404 (base 10) in base 4?
-12110
Convert 5008 (base 9) to base 11.
2821
What is -301 (base 12) in base 7?
-1156
2413 (base 7) to base 15
3e7
-1530 (base 15) to base 11
-3462
What is 10000 (base 5) in base 14?
329
What is -10110010000 (base 2) in base 5?
-21144
What is -a878 (base 11) in base 16?
-381b
Convert 10020120 (base 3) to base 7.
6615
What is 7547 (base 10) in base 11?
5741
221223 (base 4) to base 6
20203
-538 (base 12) to base 3
-1001022
Convert 113411 (base 8) to base 6.
455001
6809 (base 15) to base 14
8079
1111011110110 (base 2) to base 9
11776
What is 1222222 (base 3) in base 6?
10425
1cb8 (base 14) to base 6
40202
What is -a353 (base 13) in base 2?
-101100000010001
Convert a0c (base 16) to base 7.
10333
Convert -891 (base 12) to base 2.
-10011101101
Convert -742 (base 14) to base 8.
-2626
What is 3755 (base 16) in base 6?
145325
What is -323002 (base 4) in base 14?
-153c
What is 8d9c (base 14) in base 6?
310022
Convert 2b17 (base 12) to base 3.
20221101
-2050 (base 8) to base 11
-888
Convert 50346 (bas